{"id":481,"date":"2024-10-12T21:28:25","date_gmt":"2024-10-12T21:28:25","guid":{"rendered":"https:\/\/pedagogicorequena.edu.pe\/?page_id=481"},"modified":"2026-04-30T15:57:35","modified_gmt":"2026-04-30T15:57:35","slug":"relacion-de-docentes-y-sus-curriculos","status":"publish","type":"page","link":"https:\/\/pedagogicorequena.edu.pe\/index.php\/relacion-de-docentes-y-sus-curriculos\/","title":{"rendered":"Relaci\u00f3n de docentes y sus curr\u00edculos"},"content":{"rendered":"\n<p><\/p>\n\n\n\n<figure class=\"wp-block-table is-style-stripes\"><table><thead><tr><th>DOCENTE<\/th><th class=\"has-text-align-center\" data-align=\"center\">ESPECIALIDAD<\/th><th class=\"has-text-align-center\" data-align=\"center\">CURRICULUM VITAE<\/th><\/tr><\/thead><tbody><tr><td><em>L\u00cdDER NILO ZAMBRANO REQUEZ<\/em><\/td><td class=\"has-text-align-center\" data-align=\"center\">MATEM\u00c1TICAS<\/td><td class=\"has-text-align-center\" data-align=\"center\"><\/td><\/tr><tr><td><em>ANGELA CHUNG LOZANO<\/em><\/td><td class=\"has-text-align-center\" data-align=\"center\">EDUCACI\u00d3N PRIMARIA<\/td><td class=\"has-text-align-center\" data-align=\"center\"><a href=\"https:\/\/pedagogicorequena.edu.pe\/wp-content\/uploads\/2026\/04\/CURRIC.-VITAE-ANGELA.pdf\">CV<\/a><\/td><\/tr><tr><td><em>ROBERTO OYARCE CAI\u00d1A<\/em><\/td><td class=\"has-text-align-center\" data-align=\"center\">EDUCACI\u00d3N PRIMARIA<\/td><td class=\"has-text-align-center\" data-align=\"center\"><a href=\"https:\/\/pedagogicorequena.edu.pe\/wp-content\/uploads\/2024\/10\/CURRIC-VITAE-ROBERTO-OYARCE-1.pdf\" data-type=\"link\" data-id=\"https:\/\/pedagogicorequena.edu.pe\/wp-content\/uploads\/2024\/10\/CURRIC-VITAE-ROBERTO-OYARCE-1.pdf\">CV<\/a><\/td><\/tr><tr><td>P<em>ABLO MEL\u00c9NDEZ TANANTA<\/em><\/td><td class=\"has-text-align-center\" data-align=\"center\">EDUCACI\u00d3N PRIMARIA<\/td><td class=\"has-text-align-center\" data-align=\"center\"><a href=\"https:\/\/pedagogicorequena.edu.pe\/wp-content\/uploads\/2024\/10\/Pablo_Melendez-Tanan_FILE-DEL-PERSONAL.pdf\" data-type=\"link\" data-id=\"https:\/\/pedagogicorequena.edu.pe\/wp-content\/uploads\/2024\/10\/Pablo_Melendez-Tanan_FILE-DEL-PERSONAL.pdf\">CV<\/a><\/td><\/tr><tr><td><em>JUAN REYES ACATE<\/em><\/td><td class=\"has-text-align-center\" data-align=\"center\">MATEM\u00c1TICAS<\/td><td class=\"has-text-align-center\" data-align=\"center\"><a href=\"https:\/\/pedagogicorequena.edu.pe\/wp-content\/uploads\/2024\/10\/CURRICULO-VITAE-JUAN-REYES.pdf\">CV<\/a><\/td><\/tr><tr><td><em>EMERSON ROJAS URQUIA<\/em><\/td><td class=\"has-text-align-center\" data-align=\"center\">EDUCACI\u00d3N PRIMARIA<\/td><td class=\"has-text-align-center\" data-align=\"center\"><a href=\"https:\/\/pedagogicorequena.edu.pe\/wp-content\/uploads\/2024\/10\/FAE-EMERSON-II-2022-emerson.pdf\" data-type=\"link\" data-id=\"https:\/\/pedagogicorequena.edu.pe\/wp-content\/uploads\/2024\/10\/FAE-EMERSON-II-2022-emerson.pdf\">CV<\/a><\/td><\/tr><tr><td><em>NERY YSABEL TORRES FREYRE<\/em><\/td><td class=\"has-text-align-center\" data-align=\"center\">EDUCACI\u00d3N PRIMARIA<\/td><td class=\"has-text-align-center\" data-align=\"center\"><a href=\"https:\/\/pedagogicorequena.edu.pe\/wp-content\/uploads\/2026\/04\/CURRICULO-NERY-NUEVO-ACTUALIZADO.pdf\">CV<\/a><\/td><\/tr><tr><td><em>LUZMILDO FLORES PUA<\/em><\/td><td class=\"has-text-align-center\" data-align=\"center\">COMPUTACI\u00d3N E INFORM\u00c1TICA<\/td><td class=\"has-text-align-center\" data-align=\"center\"><a href=\"https:\/\/pedagogicorequena.edu.pe\/wp-content\/uploads\/2024\/10\/CURRICULO-VITAE^-luzmildo.pdf\" data-type=\"link\" data-id=\"https:\/\/pedagogicorequena.edu.pe\/wp-content\/uploads\/2024\/10\/CURRICULO-VITAE^-luzmildo.pdf\">CV<\/a><\/td><\/tr><tr><td><em>DAVID GERMAN PEREYRA AMPUERO<\/em><\/td><td class=\"has-text-align-center\" data-align=\"center\">COMUNICACI\u00d3N<\/td><td class=\"has-text-align-center\" data-align=\"center\"><a href=\"https:\/\/pedagogicorequena.edu.pe\/wp-content\/uploads\/2024\/10\/CURRICULO-DAVID-2024.pdf\" data-type=\"link\" data-id=\"https:\/\/pedagogicorequena.edu.pe\/wp-content\/uploads\/2024\/10\/CURRICULO-DAVID-2024.pdf\">CV<\/a><\/td><\/tr><tr><td><em>JHON HERSON CH\u00c1VEZ GOLAC<\/em><\/td><td class=\"has-text-align-center\" data-align=\"center\">MATEM\u00c1TICAS<\/td><td class=\"has-text-align-center\" data-align=\"center\"><a href=\"https:\/\/pedagogicorequena.edu.pe\/wp-content\/uploads\/2024\/10\/CURRICULUM-VITAE-ACTUALIZADO-golat.pdf\" data-type=\"link\" data-id=\"https:\/\/pedagogicorequena.edu.pe\/wp-content\/uploads\/2024\/10\/CURRICULUM-VITAE-ACTUALIZADO-golat.pdf\">CV<\/a><\/td><\/tr><tr><td><em>MAX CIRO RAYSKY V\u00c1SQUEZ<\/em><\/td><td class=\"has-text-align-center\" data-align=\"center\">COMPUTACI\u00d3N E INFORM\u00c1TICA<\/td><td class=\"has-text-align-center\" data-align=\"center\"><a href=\"https:\/\/pedagogicorequena.edu.pe\/wp-content\/uploads\/2024\/10\/CURRICULUM-VITAE-2024-max-ciro.pdf\" data-type=\"link\" data-id=\"https:\/\/pedagogicorequena.edu.pe\/wp-content\/uploads\/2024\/10\/CURRICULUM-VITAE-2024-max-ciro.pdf\">CV<\/a><\/td><\/tr><tr><td><em>RAFAEL VELA ROMERO<\/em><\/td><td class=\"has-text-align-center\" data-align=\"center\">MATEM\u00c1TICAS<\/td><td class=\"has-text-align-center\" data-align=\"center\"><a href=\"https:\/\/pedagogicorequena.edu.pe\/wp-content\/uploads\/2024\/10\/CURRICULO-VELA-2024.pdf\" data-type=\"link\" data-id=\"https:\/\/pedagogicorequena.edu.pe\/wp-content\/uploads\/2024\/10\/CURRICULO-VELA-2024.pdf\">CV<\/a><\/td><\/tr><tr><td><em>DANIEL ANDR\u00c8S GORDON MEL\u00c8NDEZ<\/em><\/td><td class=\"has-text-align-center\" data-align=\"center\">LENGUA Y LITERATURA<\/td><td class=\"has-text-align-center\" data-align=\"center\"><a href=\"https:\/\/pedagogicorequena.edu.pe\/wp-content\/uploads\/2024\/10\/CV-DANIEL-ANDRES-GORDON-MELENDEZ_SIN-DOCUMENTAR.pdf\" data-type=\"link\" data-id=\"https:\/\/pedagogicorequena.edu.pe\/wp-content\/uploads\/2024\/10\/CV-DANIEL-ANDRES-GORDON-MELENDEZ_SIN-DOCUMENTAR.pdf\">CV<\/a><\/td><\/tr><tr><td><em>MANUEL MACA VARGAS<\/em><\/td><td class=\"has-text-align-center\" data-align=\"center\">CIENCIA Y TECNOLOG\u00cdA<\/td><td class=\"has-text-align-center\" data-align=\"center\"><a href=\"https:\/\/pedagogicorequena.edu.pe\/wp-content\/uploads\/2024\/10\/CURRICULO-MACA-2024.pdf\" data-type=\"link\" data-id=\"https:\/\/pedagogicorequena.edu.pe\/wp-content\/uploads\/2024\/10\/CURRICULO-MACA-2024.pdf\">CV<\/a><\/td><\/tr><tr><td><em>FRANK EDGAR DELGADO CARMEN<\/em><\/td><td class=\"has-text-align-center\" data-align=\"center\">MATEM\u00c1TICAS<\/td><td class=\"has-text-align-center\" data-align=\"center\"><a href=\"https:\/\/pedagogicorequena.edu.pe\/wp-content\/uploads\/2026\/04\/CV-FRANK.pdf\">CV<\/a><\/td><\/tr><tr><td><em>JOS\u00c9 LUIS ANTONIO MEDINA QUINA<\/em><\/td><td class=\"has-text-align-center\" data-align=\"center\">MATEM\u00c1TICA E INFORM\u00c1TICA<\/td><td class=\"has-text-align-center\" data-align=\"center\"><a href=\"https:\/\/pedagogicorequena.edu.pe\/wp-content\/uploads\/2026\/04\/CV-jlamedinaq-2026_012053.pdf\">CV<\/a><\/td><\/tr><tr><td><em>C\u00c9SAR MUNAYCO ARIAS<\/em><\/td><td class=\"has-text-align-center\" data-align=\"center\">MATEM\u00c1TICA<\/td><td class=\"has-text-align-center\" data-align=\"center\"><a href=\"https:\/\/pedagogicorequena.edu.pe\/wp-content\/uploads\/2026\/04\/CV-MUNAYCO-1.pdf\">CV<\/a><\/td><\/tr><tr><td><em>ADITA SARAI PEZO CANAYO<\/em><\/td><td class=\"has-text-align-center\" data-align=\"center\">BIOLOG\u00cdA Y QU\u00cdMICA<\/td><td class=\"has-text-align-center\" data-align=\"center\"><a href=\"https:\/\/pedagogicorequena.edu.pe\/wp-content\/uploads\/2026\/04\/CURR.VITAE-ADITA.pdf\">CV<\/a><\/td><\/tr><tr><td><em>MARINA PEREZ CACHIQUE<\/em><\/td><td class=\"has-text-align-center\" data-align=\"center\">EDUCACI\u00d3N INICIAL<\/td><td class=\"has-text-align-center\" data-align=\"center\"><a href=\"https:\/\/pedagogicorequena.edu.pe\/wp-content\/uploads\/2026\/04\/CV-MARINA-PEREZ-caratula.pdf\">CV<\/a><\/td><\/tr><\/tbody><\/table><\/figure>\n\n\n\n<p><\/p>\n\n\n\n<p><\/p>\n\n\n\n<p><\/p>\n","protected":false},"excerpt":{"rendered":"<p>DOCENTE ESPECIALIDAD CURRICULUM VITAE L\u00cdDER NILO ZAMBRANO REQUEZ MATEM\u00c1TICAS ANGELA CHUNG LOZANO EDUCACI\u00d3N PRIMARIA CV ROBERTO OYARCE CAI\u00d1A EDUCACI\u00d3N PRIMARIA &hellip; <\/p>\n","protected":false},"author":1,"featured_media":0,"parent":0,"menu_order":0,"comment_status":"closed","ping_status":"closed","template":"","meta":{"footnotes":""},"class_list":["post-481","page","type-page","status-publish","hentry"],"_links":{"self":[{"href":"https:\/\/pedagogicorequena.edu.pe\/index.php\/wp-json\/wp\/v2\/pages\/481","targetHints":{"allow":["GET"]}}],"collection":[{"href":"https:\/\/pedagogicorequena.edu.pe\/index.php\/wp-json\/wp\/v2\/pages"}],"about":[{"href":"https:\/\/pedagogicorequena.edu.pe\/index.php\/wp-json\/wp\/v2\/types\/page"}],"author":[{"embeddable":true,"href":"https:\/\/pedagogicorequena.edu.pe\/index.php\/wp-json\/wp\/v2\/users\/1"}],"replies":[{"embeddable":true,"href":"https:\/\/pedagogicorequena.edu.pe\/index.php\/wp-json\/wp\/v2\/comments?post=481"}],"version-history":[{"count":35,"href":"https:\/\/pedagogicorequena.edu.pe\/index.php\/wp-json\/wp\/v2\/pages\/481\/revisions"}],"predecessor-version":[{"id":614,"href":"https:\/\/pedagogicorequena.edu.pe\/index.php\/wp-json\/wp\/v2\/pages\/481\/revisions\/614"}],"wp:attachment":[{"href":"https:\/\/pedagogicorequena.edu.pe\/index.php\/wp-json\/wp\/v2\/media?parent=481"}],"curies":[{"name":"wp","href":"https:\/\/api.w.org\/{rel}","templated":true}]}}

Relación de docentes y sus currículos

<p></p>



<figure class="wp-block-table is-style-stripes"><table><thead><tr><th>DOCENTE</th><th class="has-text-align-center" data-align="center">ESPECIALIDAD</th><th class="has-text-align-center" data-align="center">CURRICULUM VITAE</th></tr></thead><tbody><tr><td><em>LÍDER NILO ZAMBRANO REQUEZ</em></td><td class="has-text-align-center" data-align="center">MATEMÁTICAS</td><td class="has-text-align-center" data-align="center"></td></tr><tr><td><em>ANGELA CHUNG LOZANO</em></td><td class="has-text-align-center" data-align="center">EDUCACIÓN PRIMARIA</td><td class="has-text-align-center" data-align="center"><a href="https://pedagogicorequena.edu.pe/wp-content/uploads/2026/04/CURRIC.-VITAE-ANGELA.pdf">CV</a></td></tr><tr><td><em>ROBERTO OYARCE CAIÑA</em></td><td class="has-text-align-center" data-align="center">EDUCACIÓN PRIMARIA</td><td class="has-text-align-center" data-align="center"><a href="https://pedagogicorequena.edu.pe/wp-content/uploads/2024/10/CURRIC-VITAE-ROBERTO-OYARCE-1.pdf" data-type="link" data-id="https://pedagogicorequena.edu.pe/wp-content/uploads/2024/10/CURRIC-VITAE-ROBERTO-OYARCE-1.pdf">CV</a></td></tr><tr><td>P<em>ABLO MELÉNDEZ TANANTA</em></td><td class="has-text-align-center" data-align="center">EDUCACIÓN PRIMARIA</td><td class="has-text-align-center" data-align="center"><a href="https://pedagogicorequena.edu.pe/wp-content/uploads/2024/10/Pablo_Melendez-Tanan_FILE-DEL-PERSONAL.pdf" data-type="link" data-id="https://pedagogicorequena.edu.pe/wp-content/uploads/2024/10/Pablo_Melendez-Tanan_FILE-DEL-PERSONAL.pdf">CV</a></td></tr><tr><td><em>JUAN REYES ACATE</em></td><td class="has-text-align-center" data-align="center">MATEMÁTICAS</td><td class="has-text-align-center" data-align="center"><a href="https://pedagogicorequena.edu.pe/wp-content/uploads/2024/10/CURRICULO-VITAE-JUAN-REYES.pdf">CV</a></td></tr><tr><td><em>EMERSON ROJAS URQUIA</em></td><td class="has-text-align-center" data-align="center">EDUCACIÓN PRIMARIA</td><td class="has-text-align-center" data-align="center"><a href="https://pedagogicorequena.edu.pe/wp-content/uploads/2024/10/FAE-EMERSON-II-2022-emerson.pdf" data-type="link" data-id="https://pedagogicorequena.edu.pe/wp-content/uploads/2024/10/FAE-EMERSON-II-2022-emerson.pdf">CV</a></td></tr><tr><td><em>NERY YSABEL TORRES FREYRE</em></td><td class="has-text-align-center" data-align="center">EDUCACIÓN PRIMARIA</td><td class="has-text-align-center" data-align="center"><a href="https://pedagogicorequena.edu.pe/wp-content/uploads/2026/04/CURRICULO-NERY-NUEVO-ACTUALIZADO.pdf">CV</a></td></tr><tr><td><em>LUZMILDO FLORES PUA</em></td><td class="has-text-align-center" data-align="center">COMPUTACIÓN E INFORMÁTICA</td><td class="has-text-align-center" data-align="center"><a href="https://pedagogicorequena.edu.pe/wp-content/uploads/2024/10/CURRICULO-VITAE^-luzmildo.pdf" data-type="link" data-id="https://pedagogicorequena.edu.pe/wp-content/uploads/2024/10/CURRICULO-VITAE^-luzmildo.pdf">CV</a></td></tr><tr><td><em>DAVID GERMAN PEREYRA AMPUERO</em></td><td class="has-text-align-center" data-align="center">COMUNICACIÓN</td><td class="has-text-align-center" data-align="center"><a href="https://pedagogicorequena.edu.pe/wp-content/uploads/2024/10/CURRICULO-DAVID-2024.pdf" data-type="link" data-id="https://pedagogicorequena.edu.pe/wp-content/uploads/2024/10/CURRICULO-DAVID-2024.pdf">CV</a></td></tr><tr><td><em>JHON HERSON CHÁVEZ GOLAC</em></td><td class="has-text-align-center" data-align="center">MATEMÁTICAS</td><td class="has-text-align-center" data-align="center"><a href="https://pedagogicorequena.edu.pe/wp-content/uploads/2024/10/CURRICULUM-VITAE-ACTUALIZADO-golat.pdf" data-type="link" data-id="https://pedagogicorequena.edu.pe/wp-content/uploads/2024/10/CURRICULUM-VITAE-ACTUALIZADO-golat.pdf">CV</a></td></tr><tr><td><em>MAX CIRO RAYSKY VÁSQUEZ</em></td><td class="has-text-align-center" data-align="center">COMPUTACIÓN E INFORMÁTICA</td><td class="has-text-align-center" data-align="center"><a href="https://pedagogicorequena.edu.pe/wp-content/uploads/2024/10/CURRICULUM-VITAE-2024-max-ciro.pdf" data-type="link" data-id="https://pedagogicorequena.edu.pe/wp-content/uploads/2024/10/CURRICULUM-VITAE-2024-max-ciro.pdf">CV</a></td></tr><tr><td><em>RAFAEL VELA ROMERO</em></td><td class="has-text-align-center" data-align="center">MATEMÁTICAS</td><td class="has-text-align-center" data-align="center"><a href="https://pedagogicorequena.edu.pe/wp-content/uploads/2024/10/CURRICULO-VELA-2024.pdf" data-type="link" data-id="https://pedagogicorequena.edu.pe/wp-content/uploads/2024/10/CURRICULO-VELA-2024.pdf">CV</a></td></tr><tr><td><em>DANIEL ANDRÈS GORDON MELÈNDEZ</em></td><td class="has-text-align-center" data-align="center">LENGUA Y LITERATURA</td><td class="has-text-align-center" data-align="center"><a href="https://pedagogicorequena.edu.pe/wp-content/uploads/2024/10/CV-DANIEL-ANDRES-GORDON-MELENDEZ_SIN-DOCUMENTAR.pdf" data-type="link" data-id="https://pedagogicorequena.edu.pe/wp-content/uploads/2024/10/CV-DANIEL-ANDRES-GORDON-MELENDEZ_SIN-DOCUMENTAR.pdf">CV</a></td></tr><tr><td><em>MANUEL MACA VARGAS</em></td><td class="has-text-align-center" data-align="center">CIENCIA Y TECNOLOGÍA</td><td class="has-text-align-center" data-align="center"><a href="https://pedagogicorequena.edu.pe/wp-content/uploads/2024/10/CURRICULO-MACA-2024.pdf" data-type="link" data-id="https://pedagogicorequena.edu.pe/wp-content/uploads/2024/10/CURRICULO-MACA-2024.pdf">CV</a></td></tr><tr><td><em>FRANK EDGAR DELGADO CARMEN</em></td><td class="has-text-align-center" data-align="center">MATEMÁTICAS</td><td class="has-text-align-center" data-align="center"><a href="https://pedagogicorequena.edu.pe/wp-content/uploads/2026/04/CV-FRANK.pdf">CV</a></td></tr><tr><td><em>JOSÉ LUIS ANTONIO MEDINA QUINA</em></td><td class="has-text-align-center" data-align="center">MATEMÁTICA E INFORMÁTICA</td><td class="has-text-align-center" data-align="center"><a href="https://pedagogicorequena.edu.pe/wp-content/uploads/2026/04/CV-jlamedinaq-2026_012053.pdf">CV</a></td></tr><tr><td><em>CÉSAR MUNAYCO ARIAS</em></td><td class="has-text-align-center" data-align="center">MATEMÁTICA</td><td class="has-text-align-center" data-align="center"><a href="https://pedagogicorequena.edu.pe/wp-content/uploads/2026/04/CV-MUNAYCO-1.pdf">CV</a></td></tr><tr><td><em>ADITA SARAI PEZO CANAYO</em></td><td class="has-text-align-center" data-align="center">BIOLOGÍA Y QUÍMICA</td><td class="has-text-align-center" data-align="center"><a href="https://pedagogicorequena.edu.pe/wp-content/uploads/2026/04/CURR.VITAE-ADITA.pdf">CV</a></td></tr><tr><td><em>MARINA PEREZ CACHIQUE</em></td><td class="has-text-align-center" data-align="center">EDUCACIÓN INICIAL</td><td class="has-text-align-center" data-align="center"><a href="https://pedagogicorequena.edu.pe/wp-content/uploads/2026/04/CV-MARINA-PEREZ-caratula.pdf">CV</a></td></tr></tbody></table></figure>



<p></p>



<p></p>



<p></p>

<p>DOCENTE ESPECIALIDAD CURRICULUM VITAE LÍDER NILO ZAMBRANO REQUEZ MATEMÁTICAS ANGELA CHUNG LOZANO EDUCACIÓN PRIMARIA CV ROBERTO OYARCE CAIÑA EDUCACIÓN PRIMARIA &hellip; </p>
